 by a?
48
Suppose 14*u - 12 = 18*u. Let p be (58/6 + -5)/((-2)/u). Calculate the remainder when (54/p)/(12/56) is divided by 13.
10
Let j = -1083 + 1115. Calculate the remainder when 174 is divided by j.
14
Let u = -661 - -821. Calculate the remainder when 172 is divided by u.
12
Let a be 1*(23/(-2))/((-7)/14). Let f = a - 20. Calculate the remainder when 24 is divided by (1 + 2)/f*2*7.
10
Suppose 0 = -13*j - 726 + 2910. Calculate the remainder when j is divided by 2.
0
Let g(f) = -f**3 - 29*f**2 + 37*f - 730. Calculate the remainder when 493 is divided by g(-31).
43
Suppose 16*r = 19*r. Suppose 5*b - 3*k - 90 = r, -2*b + k + 15 = 4*k. Suppose 5*g + b = 0, 62 = w + w + 4*g. Calculate the remainder when w is divided by 19.
18
Let j = -15 - -3. Let s be ((-15)/j + -2)*32. What is the remainder when (8/(-10))/((s/(-75))/(-8)) is divided by 12?
8
Suppose -306*p + 4002 = -300*p. Let d = -523 + p. Calculate the remainder when d is divided by 42.
18
Suppose -100 = 4*m - 2*m. Let h = 154 + m. Suppose 0 = o - u - 24, -4*o - 4*u = -0*o - h. Calculate the remainder when o is divided by 13.
12
Suppose -101*n = -368*n + 2439 + 35742. What is the remainder when n is divided by 118?
25
Let z = 42 + -42. Suppose -s + z*s + 108 = 3*q, 179 = 5*q + 2*s. Calculate the remainder when 84 is divided by (8 - q/1)/(0 - 1).
26
Let y = 4 + -2. Let d(n) = -n**3 - 5*n**2 + 5*n + 1. Let g(i) = -i**3 + 11*i**2 - 18*i - 6. Let v be g(9). What is the remainder when d(v) is divided by y?
1
Let d be 1476/205 - 12/10. What is the remainder when 145 is divided by 79 + (-1 - (d - -1))?
3
Let w = -773 - -786. Suppose -w*f - 571 = -13662. Calculate the remainder when f is divided by 10.
7
Suppose -3*g + 2328 = -3*v, 776 = g - 3*v + 6*v. Calculate the remainder when g is divided by 15.
11
Let u = 85 - 54. What is the remainder when u is divided by 68/(-3)*(-30)/40?
14
Let i = -6861 + 6909. What is the remainder when 1447 is divided by i?
7
What is the remainder when 4338 is divided by -775*(-12 + 236/20)?
153
Suppose -12 = 4*f - 8*f. Suppose -4*n + f*y + 49 = 0, 5*n = 2*n - 3*y + 21. Calculate the remainder when n is divided by (-124)/(-42) + 31/651.
1
Let c(d) = -28*d**2 + d + 1. Let q be c(-1). Let t be ((-49)/q)/(2/8). Suppose t*r = 2*r + 190. What is the remainder when r is divided by 5?
3
Suppose -478*m - 822069 = -631*m. What is the remainder when m is divided by 14?
11
Let d = -18 + 46. Suppose -3*v + 70 = -8*v. Let j = v + 20. What is the remainder when d is divided by j?
4
Suppose -3333*r + 3314*r + 13167 = 0. What is the remainder when r is divided by 14?
7
Let o = 4387 + -4242. What is the remainder when 693 is divided by o?
113
Let w = 7827 - 7810. Calculate the remainder when 658 is divided by w.
12
Suppose 2*a + 11*w - 72 = 7*w, 0 = -2*a - 5*w + 73. Let k = -201 + 208. What is the remainder when a is divided by k?
6
Let w(l) = l**3 - 28*l**2 - 19*l + 199. Let b be w(27). Let d = 1080 + b. Calculate the remainder when d is divided by -6*(-1 - 4/6).
7
Let w(d) = 25*d**3 + 304*d**2 + d + 41. What is the remainder when w(-12) is divided by 273?
59
Suppose 2*x = d + 32863, 82156 = 31*x - 26*x - d. Calculate the remainder when x is divided by 11.
8
Suppose -13 = -x + 11. Let h(c) be the third derivative of c**6/120 + c**4/4 - 7*c**3/6 + 2*c**2 + 60*c. Calculate the remainder when x is divided by h(2).
11
Let b(f) = 40*f**3 - f**2 + 4. Let v be b(-2). Let j = v + 450. Suppose 0 = -4*x + 151 + 25. Calculate the remainder when j is divided by x.
42
Let y(b) = 120*b**2 + 8525*b + 363. Let n be 0/(1 + -2 - -2). Suppose -3*z + 4*z - 31 = n. What is the remainder when z is divided by y(-71)?
7
Let j(w) = 38*w + 465. What is the remainder when 355 is divided by j(-8)?
33
Let i(v) = -2*v**2 + 25*v + 689. Calculate the remainder when 445 is divided by i(23).
33
Let d = 43 + -31. Let p(j) = 2*j + 7. Let g be p(d). Suppose 3*v - v + h = g, 4*h = 2*v - 46. What is the remainder when 118 is divided by v?
16
Suppose -2*l + 4 = 0, 0 = 4*f - 2*f - l - 38. Let y(q) = q**3 - 9*q**2 - 24*q + 48. Calculate the remainder when y(11) is divided by f.
6
Suppose o - 2*u + 7 = 18, -u = -o + 8. Suppose 344 = 2*m - 4*k, -k = -o*m + k + 892. Calculate the remainder when m is divided by 48.
36
Let c(n) = -n**3 + n**2 - n + 2. Let o(s) = 93*s**2 - 4*s - 4. Let h be o(2). Suppose 12*t + 0*t = h. What is the remainder when t is divided by c(-2)?
14
Suppose 16 = 5*b - b. Let r(z) = 4*z**2 - 31*z - 395. Calculate the remainder when (-210)/b*8/(-6) is divided by r(-7).
16
Let o = -11864 - -11877. What is the remainder when 327 is divided by o?
2
Suppose -6742 - 447 = -91*q. Let j = -342 + 499. Calculate the remainder when j is divided by q.
78
Let k = -8938 + 9648. What is the remainder when 2852 is divided by k?
12
Let x(t) be the first derivative of -5*t**3/3 + 16*t**2 - 19*t - 27. Let c be x(9). Let y = c - -205. What is the remainder when y is divided by 12?
9
What is the remainder when -3*(-244 + -11 + 25) is divided by 41?
34
Suppose -4*p + 3*u = 1227, 3*u + 306 - 3 = -p. Suppose -t = -4*t + 111. What is the remainder when (-20808)/p + 6/(1*2) is divided by t?
34
Suppose -4*g - 24 = -3*d - d, -5*g - 5 = 0. Suppose 3*f + 95 = -f + i, d*i = -25. What is the remainder when (-155)/f + (-4)/(-5) is divided by 2?
1
Suppose -2*k + 3*k = 3. Suppose -2*v + 60 = -v - 3*s, k*v - 168 = 5*s. Let x = 13899 - 13888. What is the remainder when v is divided by x?
7
Let s = 90 + 439. Suppose 17 - 23 = -3*g + 33. What is the remainder when s is divided by g?
9
Let j = -241 + 417. What is the remainder when j is divided by ((-59)/2)/(-6 + (-132)/(-24))?
58
Let h = 91 - 84. Suppose 90 = k - 3*s, 4 = 3*s - h*s. What is the remainder when k is divided by 22?
21
Suppose 4*o + 5*g + 147 = 570, -5*o - 2*g + 533 = 0. Suppose -3*n - 2*c + 23 = 0, -6*c - 19 = -n - c. What is the remainder when o is divided by n?
8
Let p = -11 - 15. Let q = p - 27. Let v = -42 - q. Calculate the remainder when 51 is divided by v.
7
Suppose 18 = -4*n - 2, 5*n - 53492 = -3*a. What is the remainder when a is divided by 8?
7
Let p be -1 + -3*(-6)/(-18). What is the remainder when 52 is divided by (10 - p)*105/45?
24
Let i(d) be the third derivative of d**5/60 - 11*d**4/12 - 79*d**3/6 - 7*d**2 - 4*d. What is the remainder when i(28) is divided by 10?
9
Let h(x) = x**2 - 54*x - 2450. What is the remainder when h(-82) is divided by 2898?
8
Let z = 116 + -70. Let j be (-2 + -16)/((-9)/(-12)). Let g = j + 30. Calculate the remainder when z is divided by g.
4
Let v = -1605 - -1623. What is the remainder when 539 is divided by v?
17
Let q be (2 - 86)*126/(-56). Calculate the remainder when 1/(2 + -4 - (-379)/q) is divided by 8.
5
Suppose 0 = -10*w + 423 + 537. Let d be 1/(-6) + 1936/w. What is the remainder when ((-92)/d)/(1/(-15)) is divided by 20?
9
Let a(f) = 2*f - 22. Let s be a(15). Suppose b - s = -12. What is the remainder when 17 is divided by b*(1 + 0) + 13?
8
Calculate the remainder when (7 + 98/14)*72/7 is divided by (-2)/11 - (-1416)/44.
16
Let n(o) = 38*o**3 - 3*o**2. Suppose 0 = 3*a + 2*a - 10. What is the remainder when n(a) is divided by 59?
56
Let b = 61 + -18. Suppose -v - 9 + 1 = 3*c, 4*c - 2*v = -4. What is the remainder when c + 0 + (166 - -4) is divided by b?
39
Let j be 9/((-8)/(-8 - 0)). Suppose 3*m + i = -2*i + 114, m - 5*i = 50. What is the remainder when m is divided by 7 - 9/(j/(-16))?
17
Suppose -7*r + 173 + 527 = 0. Let l = r + -32. Suppose -v = -4*y + l, 2*y + 4*v - 40 = 6*v. Calculate the remainder when 61 is divided by y.
13
Suppose -956 = -13*c - 189. Suppose 25 = 4*v - 107. What is the remainder when c is divided by v?
26
Suppose -a = 7*g - 14278, 16*a - 17*a - 8151 = -4*g. What is the remainder when g is divided by 15?
14
Suppose -3*r - 6 = -51. Suppose -180*v - 1362 = -14322. What is the remainder when v is divided by r?
12
Let l = 267 + -261. Let d(g) = -g**3 + 11*g**2 - 15*g + 10. What is the remainder when d(l) is divided by 54?
46
Suppose 11*u - 13*u = -4. Suppose 0 = -2*n - 2*s + 148, -278 = -4*n - s + 3*s. Calculate the remainder when n is divided by (4 + 84/(-18))/(u/(-75)).
21
Suppose 5*i = 0, 0 = -f - 2*i + 6*i + 32 + 85. Calculate the remainder when f is divided by 52.
13
What is the remainder when 1373 is divid